divisor of 2134 and 110.
22
What is the highest common divisor of 22 and 4824622?
22
What is the highest common divisor of 576864 and 32?
32
Calculate the highest common divisor of 34277 and 78973.
151
Calculate the greatest common divisor of 19857 and 81.
3
Calculate the greatest common divisor of 20726 and 13978.
482
What is the greatest common factor of 49884 and 36?
12
Calculate the greatest common divisor of 2093 and 3549.
91
Calculate the greatest common factor of 3718 and 169741.
143
Calculate the greatest common divisor of 7252 and 3811.
37
What is the greatest common divisor of 13 and 624377?
13
Calculate the highest common factor of 825922 and 657.
73
Calculate the greatest common factor of 1815 and 40095.
165
Calculate the highest common divisor of 2431 and 1677.
13
Calculate the greatest common divisor of 90153 and 20169.
243
What is the greatest common factor of 63 and 5169150?
63
What is the greatest common divisor of 131103 and 3717?
63
What is the greatest common divisor of 550563 and 399?
57
What is the greatest common divisor of 4993868 and 88?
44
Calculate the greatest common divisor of 119598 and 318.
6
What is the greatest common factor of 26 and 181545?
13
What is the greatest common divisor of 342 and 1634?
38
Calculate the greatest common factor of 199 and 153827.
199
What is the greatest common divisor of 14968 and 540?
4
What is the highest common factor of 2088 and 3219?
87
What is the highest common divisor of 34867 and 14399?
119
What is the highest common factor of 89925 and 550?
275
Calculate the greatest common divisor of 13426 and 202349.
959
Calculate the highest common divisor of 92592 and 900.
36
Calculate the greatest common factor of 960102 and 1492.
746
Calculate the highest common factor of 124095 and 705.
15
Calculate the highest common divisor of 912141 and 405.
81
What is the highest common factor of 112 and 244944?
112
Calculate the greatest common divisor of 554 and 12.
2
What is the greatest common factor of 2034 and 20001?
339
Calculate the highest common factor of 12 and 27306.
6
Calculate the highest common divisor of 555 and 188885.
185
Calculate the highest common factor of 9700 and 15.
5
Calculate the greatest common divisor of 1485 and 182985.
165
Calculate the greatest common factor of 1246 and 11036.
178
What is the highest common factor of 7800 and 7696?
104
What is the highest common divisor of 4140 and 1481292?
828
What is the greatest common factor of 18299 and 58?
29
What is the greatest common divisor of 93 and 22506?
93
Calculate the greatest common factor of 12977 and 19.
19
Calculate the highest common factor of 1419 and 5934.
129
Calculate the highest common factor of 1302816 and 1230.
246
Calculate the greatest common factor of 39061 and 1705.
11
What is the greatest common factor of 14 and 3002734?
14
Calculate the greatest common factor of 11128 and 884.
52
Calculate the greatest common divisor of 35 and 115145.
5
Calculate the highest common factor of 1072 and 7370.
134
What is the highest common divisor of 30418 and 3216?
134
Calculate the highest common factor of 5831 and 1190.
119
Calculate the highest common factor of 72874 and 166.
166
Calculate the highest common divisor of 373 and 2249.
1
Calculate the highest common factor of 14337 and 3363.
177
What is the greatest common divisor of 24586 and 2622?
38
Calculate the highest common factor of 522 and 69774.
174
Calculate the highest common divisor of 2024 and 255576.
184
Calculate the highest common divisor of 672 and 43176.
168
What is the highest common divisor of 21 and 46977?
21
What is the greatest common factor of 26 and 620087?
13
Calculate the greatest common factor of 6894 and 21222.
18
What is the greatest common factor of 845 and 43433?
169
Calculate the greatest common divisor of 5203 and 242.
121
Calculate the highest common divisor of 170293 and 1.
1
Calculate the greatest common factor of 141377 and 37.
37
What is the highest common divisor of 26487 and 237402?
981
Calculate the greatest common divisor of 688686 and 18.
6
Calculate the greatest common divisor of 71 and 21939.
71
What is the highest common factor of 2510 and 230?
10
Calculate the greatest common factor of 793 and 29097.
61
Calculate the highest common divisor of 1696 and 477.
53
What is the greatest common factor of 1743 and 2835?
21
Calculate the highest common divisor of 30 and 41445.
15
Calculate the greatest common factor of 1794 and 13041.
69
What is the highest common factor of 74429 and 6509?
283
Calculate the highest common factor of 169 and 35009.
13
What is the highest common divisor of 656 and 1296?
16
What is the highest common factor of 3584623 and 217?
217
What is the greatest common factor of 2611037 and 21736?
2717
What is the highest common factor of 1060 and 298708?
212
What is the highest common factor of 100365 and 16?
1
Calculate the greatest common divisor of 6281 and 198.
11
What is the highest common factor of 268447 and 34?
17
Calculate the greatest common factor of 211278 and 276.
138
Calculate the greatest common factor of 902 and 12386.
22
What is the highest common factor of 477092 and 22?
22
Calculate the greatest common factor of 37335 and 12825.
285
What is the greatest common divisor of 8742 and 6448?
62
Calculate the greatest common divisor of 7924 and 7770.
14
What is the highest common factor of 66134 and 7353?
43
Calculate the highest common divisor of 27588 and 1596.
228
Calculate the highest common divisor of 425 and 426887.
17
Calculate the greatest common factor of 40840 and 80.
40
What is the highest common factor of 33 and 643610?
11
What is the greatest common divisor of 150 and 217450?
50
What is the greatest common divisor of 159 and 9317877?
159
Calculate the highest common divisor of 7631 and 702.
13
What is the highest common factor of 1622 and 4406163?
811
What is the highest common factor of 39 and 49257?
39
Calculate the greatest common divisor of 881 and 13552423.
881
What is the highest common divisor of 47 and 1070143?
47
Calculate the greatest common divisor of 4 and 145412.
4
Calculate the highest common divisor of 216162 and 486.
54
What is the greatest common divisor of 65 and 5420?
5
What is the greatest common factor of 477493 and 899?
31
What is the greatest common factor of 5085440 and 290?
290
What is the greatest common factor of 18 and 266346?
18
What is the greatest common divisor of 1191 and 391442?
397
Calculate the highest common divisor of 690 and 73002.
138
What is the greatest common factor of 15249 and 544?
17
What is the highest common factor of 54510 and 228705?
1185
Calculate the highest common divisor of 3647 and 22924.
521
Calculate the highest common divisor of 1115446 and 1338.
446
Calculate the greatest common factor of 53 and 322982.
53
What is the greatest common divisor of 746687 and 449?
449
What is the greatest common factor of 11978 and 689?
53
Calculate the greatest common divisor of 713295 and 1210.
605
Calculate the greatest common divisor of 8800 and 7744.
352
Calculate the highest common divisor of 599913 and 36.
9
What is the greatest common factor of 58290 and 29?
29
What is the highest common divisor of 143858 and 286?
286
Calculate the highest common factor of 3136 and 12572.
28
Calculate the highest common factor of 15372 and 3276.
252
What is the greatest common divisor of 432 and 564?
12
Calculate the greatest common factor of 1160 and 29290.
290
Calculate the greatest common factor of 50988 and 3.
3
What is the highest common factor of 11 and 2848901?
11
Calculate the greatest common factor of 261 and 393675.
87
What is the greatest common factor of 23706 and 15876?
54
What is the highest common factor of 884 and 2587?
13
What is the highest common factor of 10203 and 16017?
57
Calculate the greatest common factor of 17408 and 2312.
136
Calculate the greatest common factor of 1219 and 742.
53
What is the greatest common divisor of 120 and 594120?
120
What is the greatest common factor of 106 and 205693?
53
What is the highest common divisor of 240336 and 1872?
144
Calculate the highest common divisor of 196198 and 45506.
746
Calculate the highest common divisor of 672236 and 164.
164
What is the highest common factor of 103 and 1769746